{"id":333,"date":"2024-01-22T23:06:33","date_gmt":"2024-01-22T23:06:33","guid":{"rendered":"https:\/\/diprod.pe\/web\/?page_id=333"},"modified":"2024-01-22T23:14:26","modified_gmt":"2024-01-22T23:14:26","slug":"condiciones-de-venta-y-despacho","status":"publish","type":"page","link":"https:\/\/diprod.pe\/web\/condiciones-de-venta-y-despacho\/","title":{"rendered":"Condiciones de venta y despacho"},"content":{"rendered":"\t\t<div data-elementor-type=\"wp-page\" data-elementor-id=\"333\" class=\"elementor elementor-333\" data-elementor-post-type=\"page\">\n\t\t\t\t<div class=\"elementor-element elementor-element-54308d8 e-flex e-con-boxed e-con e-parent\" data-id=\"54308d8\" data-element_type=\"container\">\n\t\t\t\t\t<div class=\"e-con-inner\">\n\t\t\t\t<div class=\"elementor-element elementor-element-e173477 elementor-widget elementor-widget-heading\" data-id=\"e173477\" data-element_type=\"widget\" data-widget_type=\"heading.default\">\n\t\t\t\t<div class=\"elementor-widget-container\">\n\t\t\t\t\t<h2 class=\"elementor-heading-title elementor-size-default\">Condiciones de venta y despacho<\/h2>\t\t\t\t<\/div>\n\t\t\t\t<\/div>\n\t\t\t\t<div class=\"elementor-element elementor-element-4188ed0 elementor-widget elementor-widget-text-editor\" data-id=\"4188ed0\" data-element_type=\"widget\" data-widget_type=\"text-editor.default\">\n\t\t\t\t<div class=\"elementor-widget-container\">\n\t\t\t\t\t\t\t\t\t<p><strong>CONDICIONES DE VENTA<\/strong><\/p><ul><li>Stock variable por todos nuestros productos, de NO tener confirmaci\u00f3n de OC del cliente<\/li><li>Por favor verificar su cotizaci\u00f3n, cotizaci\u00f3n confirmada, cotizaci\u00f3n aprobada<\/li><li>Cotizaciones v\u00e1lidas: l\u00ednea computo 24 horas, otras l\u00edneas 7 d\u00edas, solo precios SIN stock<\/li><li>NO aceptamos pagos en efectivo, solo dep\u00f3sitos en cuenta o transferencia bancaria<\/li><li>Productos de importaci\u00f3n de 15 a 30 d\u00edas v\u00eda a\u00e9rea, Mar\u00edtimo a 45 y 60 d\u00edas<\/li><li>Productos a fabricaci\u00f3n de acuerdo al tipo y modelo<\/li><li><em>Entrega de Facturas s\u00f3lo Electr\u00f3nicos, no hay entregas f\u00edsicas<\/em><\/li><li>NO hay cambios, ni devoluciones<\/li><\/ul><p>\u00a0<\/p><p><strong>CONDICIONES PARA DESPACHO:<\/strong><\/p><ul><li>Para entrega Lima Cercado, monto m\u00ednimo S \/. 200.00 nuevos soles, monto inferior costo de env\u00edo de S\/ 10.00 a S\/25+ igv<\/li><li>Para entrega Lima Metropolitana, monto m\u00ednimo S \/. 1000.00 nuevos soles, monto inferior costo de env\u00edo de S\/30 a S\/ 150.00 + igv de acuerdo a la distancia: reparto Martes, Jueves y Lunes<\/li><li>Distribuci\u00f3n a Provincias v\u00eda terrestre de 2 a 7 d\u00edas: zona Norte, Sur y Centro, para Zona Oriente 02 a 03 d\u00edas adicionales, previa confirmaci\u00f3n de datos para recepci\u00f3n: Nombres Apellidos, DNI y Celular<\/li><li>Distribuci\u00f3n v\u00eda a\u00e9rea Norte, sur y Centro, 1 a 2 d\u00edas, Zona Oriente 02 a 03 d\u00edas, de acuerdo al tipo de producto<\/li><li>Confirmaci\u00f3n de OC hasta las 2:00 pm del d\u00eda anterior y Cobertura Lima Cercado, otras zonas consultar<\/li><li>Entrega de pedidos, dentro de las 24 y 72 horas entre las 9:30 am y 6:00 pm, de confirmado su OC y seg\u00fan l\u00ednea de productos<\/li><li>Entrega inmediata para productos puntuales monto superior a S\/600.00 soles Lima Cercado<\/li><li>Entrega de productos especiales o de fabricaci\u00f3n de 3 a 7 d\u00edas de acuerdo a producci\u00f3n y previa coordinaci\u00f3n<\/li><li>Entrega de Artefactos El\u00e9ctricos y electrodom\u00e9sticos dentro de las 48 y 72 hrs.<\/li><li>Por temas de control, entrega de productos en nuestro almac\u00e9n, coordinaci\u00f3n previa y datos del encargado a recoger: Nombres, DNI<\/li><li><strong>Lima Cercado:<\/strong>\u00a0La Victoria, Lince, San Luis, Surco, Miraflores, Surquillo, San Isidro, Bre\u00f1a, Ate, Lima centro, Chorrillos , La Molina, Rimac, San Miguel, San Borja, Santa Anita, El Agustino, Magdalena, Jes\u00fas Mar\u00eda, Barranco.\u00a0<\/li><li><strong>Lima Metropolitana:<\/strong>\u00a0San Juan de Lurigancho, San Mart\u00edn de Porres, Independencia, Comas, Villa Maria del Triunfo, San Juan de Miraflores, Los Olivos, Villa el Salvador, Carabayllo, Puente Piedra, Pachacamac, Lurin, Chaclacayo, Cieneguilla, Ancon, Santa Rosa, Pucusana, Punta Negra, Punta Hermosa, San Bartolo, Santa Maria.<\/li><li>Para entregas por volumen, se solicita coordinaci\u00f3n entre El Gestor Comercial y el Cliente, en caso de Falso Flete, ser\u00e1 asumido por el Cliente o el Gestor, de acuerdo al caso.<\/li><li>Entregas solo a primer piso, pisos superiores solo con ascensor, de lo contrario el cliente asume S\/25.00+ como servicio de estiba por cada piso, esto debido a indicaciones y\u00a0fiscalizaciones por parte de\u00a0Sunafil.<\/li><\/ul>\t\t\t\t\t\t\t\t<\/div>\n\t\t\t\t<\/div>\n\t\t\t\t\t<\/div>\n\t\t\t\t<\/div>\n\t\t\t\t<\/div>\n\t\t","protected":false},"excerpt":{"rendered":"<p>Condiciones de venta y despacho CONDICIONES DE VENTA Stock variable por todos nuestros productos, de NO tener confirmaci\u00f3n de OC del cliente Por favor verificar su cotizaci\u00f3n, cotizaci\u00f3n confirmada, cotizaci\u00f3n aprobada Cotizaciones v\u00e1lidas: l\u00ednea computo 24 horas, otras l\u00edneas 7 d\u00edas, solo precios SIN stock NO aceptamos pagos en efectivo, solo dep\u00f3sitos en cuenta o [&hellip;]<\/p>\n","protected":false},"author":1,"featured_media":0,"parent":0,"menu_order":0,"comment_status":"closed","ping_status":"closed","template":"","meta":{"footnotes":""},"class_list":["post-333","page","type-page","status-publish","hentry"],"yoast_head":"<!-- This site is optimized with the Yoast SEO plugin v26.1.1 - https:\/\/yoast.com\/wordpress\/plugins\/seo\/ -->\n<title>Condiciones de venta y despacho - Diprod | Soluciones en Abastecimientos<\/title>\n<meta name=\"robots\" content=\"index, follow, max-snippet:-1, max-image-preview:large, max-video-preview:-1\" \/>\n<link rel=\"canonical\" href=\"https:\/\/diprod.pe\/web\/condiciones-de-venta-y-despacho\/\" \/>\n<meta property=\"og:locale\" content=\"es_ES\" \/>\n<meta property=\"og:type\" content=\"article\" \/>\n<meta property=\"og:title\" content=\"Condiciones de venta y despacho - Diprod | Soluciones en Abastecimientos\" \/>\n<meta property=\"og:description\" content=\"Condiciones de venta y despacho CONDICIONES DE VENTA Stock variable por todos nuestros productos, de NO tener confirmaci\u00f3n de OC del cliente Por favor verificar su cotizaci\u00f3n, cotizaci\u00f3n confirmada, cotizaci\u00f3n aprobada Cotizaciones v\u00e1lidas: l\u00ednea computo 24 horas, otras l\u00edneas 7 d\u00edas, solo precios SIN stock NO aceptamos pagos en efectivo, solo dep\u00f3sitos en cuenta o [&hellip;]\" \/>\n<meta property=\"og:url\" content=\"https:\/\/diprod.pe\/web\/condiciones-de-venta-y-despacho\/\" \/>\n<meta property=\"og:site_name\" content=\"Diprod | Soluciones en Abastecimientos\" \/>\n<meta property=\"article:publisher\" content=\"https:\/\/www.facebook.com\/profile.php?id=100065089917179\" \/>\n<meta property=\"article:modified_time\" content=\"2024-01-22T23:14:26+00:00\" \/>\n<meta name=\"twitter:card\" content=\"summary_large_image\" \/>\n<meta name=\"twitter:label1\" content=\"Tiempo de lectura\" \/>\n\t<meta name=\"twitter:data1\" content=\"2 minutos\" \/>\n<script type=\"application\/ld+json\" class=\"yoast-schema-graph\">{\"@context\":\"https:\/\/schema.org\",\"@graph\":[{\"@type\":\"WebPage\",\"@id\":\"https:\/\/diprod.pe\/web\/condiciones-de-venta-y-despacho\/\",\"url\":\"https:\/\/diprod.pe\/web\/condiciones-de-venta-y-despacho\/\",\"name\":\"Condiciones de venta y despacho - Diprod | Soluciones en Abastecimientos\",\"isPartOf\":{\"@id\":\"https:\/\/diprod.pe\/web\/#website\"},\"datePublished\":\"2024-01-22T23:06:33+00:00\",\"dateModified\":\"2024-01-22T23:14:26+00:00\",\"breadcrumb\":{\"@id\":\"https:\/\/diprod.pe\/web\/condiciones-de-venta-y-despacho\/#breadcrumb\"},\"inLanguage\":\"es\",\"potentialAction\":[{\"@type\":\"ReadAction\",\"target\":[\"https:\/\/diprod.pe\/web\/condiciones-de-venta-y-despacho\/\"]}]},{\"@type\":\"BreadcrumbList\",\"@id\":\"https:\/\/diprod.pe\/web\/condiciones-de-venta-y-despacho\/#breadcrumb\",\"itemListElement\":[{\"@type\":\"ListItem\",\"position\":1,\"name\":\"Portada\",\"item\":\"https:\/\/diprod.pe\/web\/\"},{\"@type\":\"ListItem\",\"position\":2,\"name\":\"Condiciones de venta y despacho\"}]},{\"@type\":\"WebSite\",\"@id\":\"https:\/\/diprod.pe\/web\/#website\",\"url\":\"https:\/\/diprod.pe\/web\/\",\"name\":\"Diprod | Soluciones en Abastecimientos\",\"description\":\"\",\"publisher\":{\"@id\":\"https:\/\/diprod.pe\/web\/#organization\"},\"potentialAction\":[{\"@type\":\"SearchAction\",\"target\":{\"@type\":\"EntryPoint\",\"urlTemplate\":\"https:\/\/diprod.pe\/web\/?s={search_term_string}\"},\"query-input\":{\"@type\":\"PropertyValueSpecification\",\"valueRequired\":true,\"valueName\":\"search_term_string\"}}],\"inLanguage\":\"es\"},{\"@type\":\"Organization\",\"@id\":\"https:\/\/diprod.pe\/web\/#organization\",\"name\":\"Diprod | Soluciones en Abastecimientos\",\"url\":\"https:\/\/diprod.pe\/web\/\",\"logo\":{\"@type\":\"ImageObject\",\"inLanguage\":\"es\",\"@id\":\"https:\/\/diprod.pe\/web\/#\/schema\/logo\/image\/\",\"url\":\"https:\/\/diprod.pe\/web\/wp-content\/uploads\/2023\/12\/logo-corporativo.png\",\"contentUrl\":\"https:\/\/diprod.pe\/web\/wp-content\/uploads\/2023\/12\/logo-corporativo.png\",\"width\":979,\"height\":284,\"caption\":\"Diprod | Soluciones en Abastecimientos\"},\"image\":{\"@id\":\"https:\/\/diprod.pe\/web\/#\/schema\/logo\/image\/\"},\"sameAs\":[\"https:\/\/www.facebook.com\/profile.php?id=100065089917179\",\"https:\/\/www.instagram.com\/diprod.peru\/\"]}]}<\/script>\n<!-- \/ Yoast SEO plugin. -->","yoast_head_json":{"title":"Condiciones de venta y despacho - Diprod | Soluciones en Abastecimientos","robots":{"index":"index","follow":"follow","max-snippet":"max-snippet:-1","max-image-preview":"max-image-preview:large","max-video-preview":"max-video-preview:-1"},"canonical":"https:\/\/diprod.pe\/web\/condiciones-de-venta-y-despacho\/","og_locale":"es_ES","og_type":"article","og_title":"Condiciones de venta y despacho - Diprod | Soluciones en Abastecimientos","og_description":"Condiciones de venta y despacho CONDICIONES DE VENTA Stock variable por todos nuestros productos, de NO tener confirmaci\u00f3n de OC del cliente Por favor verificar su cotizaci\u00f3n, cotizaci\u00f3n confirmada, cotizaci\u00f3n aprobada Cotizaciones v\u00e1lidas: l\u00ednea computo 24 horas, otras l\u00edneas 7 d\u00edas, solo precios SIN stock NO aceptamos pagos en efectivo, solo dep\u00f3sitos en cuenta o [&hellip;]","og_url":"https:\/\/diprod.pe\/web\/condiciones-de-venta-y-despacho\/","og_site_name":"Diprod | Soluciones en Abastecimientos","article_publisher":"https:\/\/www.facebook.com\/profile.php?id=100065089917179","article_modified_time":"2024-01-22T23:14:26+00:00","twitter_card":"summary_large_image","twitter_misc":{"Tiempo de lectura":"2 minutos"},"schema":{"@context":"https:\/\/schema.org","@graph":[{"@type":"WebPage","@id":"https:\/\/diprod.pe\/web\/condiciones-de-venta-y-despacho\/","url":"https:\/\/diprod.pe\/web\/condiciones-de-venta-y-despacho\/","name":"Condiciones de venta y despacho - Diprod | Soluciones en Abastecimientos","isPartOf":{"@id":"https:\/\/diprod.pe\/web\/#website"},"datePublished":"2024-01-22T23:06:33+00:00","dateModified":"2024-01-22T23:14:26+00:00","breadcrumb":{"@id":"https:\/\/diprod.pe\/web\/condiciones-de-venta-y-despacho\/#breadcrumb"},"inLanguage":"es","potentialAction":[{"@type":"ReadAction","target":["https:\/\/diprod.pe\/web\/condiciones-de-venta-y-despacho\/"]}]},{"@type":"BreadcrumbList","@id":"https:\/\/diprod.pe\/web\/condiciones-de-venta-y-despacho\/#breadcrumb","itemListElement":[{"@type":"ListItem","position":1,"name":"Portada","item":"https:\/\/diprod.pe\/web\/"},{"@type":"ListItem","position":2,"name":"Condiciones de venta y despacho"}]},{"@type":"WebSite","@id":"https:\/\/diprod.pe\/web\/#website","url":"https:\/\/diprod.pe\/web\/","name":"Diprod | Soluciones en Abastecimientos","description":"","publisher":{"@id":"https:\/\/diprod.pe\/web\/#organization"},"potentialAction":[{"@type":"SearchAction","target":{"@type":"EntryPoint","urlTemplate":"https:\/\/diprod.pe\/web\/?s={search_term_string}"},"query-input":{"@type":"PropertyValueSpecification","valueRequired":true,"valueName":"search_term_string"}}],"inLanguage":"es"},{"@type":"Organization","@id":"https:\/\/diprod.pe\/web\/#organization","name":"Diprod | Soluciones en Abastecimientos","url":"https:\/\/diprod.pe\/web\/","logo":{"@type":"ImageObject","inLanguage":"es","@id":"https:\/\/diprod.pe\/web\/#\/schema\/logo\/image\/","url":"https:\/\/diprod.pe\/web\/wp-content\/uploads\/2023\/12\/logo-corporativo.png","contentUrl":"https:\/\/diprod.pe\/web\/wp-content\/uploads\/2023\/12\/logo-corporativo.png","width":979,"height":284,"caption":"Diprod | Soluciones en Abastecimientos"},"image":{"@id":"https:\/\/diprod.pe\/web\/#\/schema\/logo\/image\/"},"sameAs":["https:\/\/www.facebook.com\/profile.php?id=100065089917179","https:\/\/www.instagram.com\/diprod.peru\/"]}]}},"_links":{"self":[{"href":"https:\/\/diprod.pe\/web\/wp-json\/wp\/v2\/pages\/333","targetHints":{"allow":["GET"]}}],"collection":[{"href":"https:\/\/diprod.pe\/web\/wp-json\/wp\/v2\/pages"}],"about":[{"href":"https:\/\/diprod.pe\/web\/wp-json\/wp\/v2\/types\/page"}],"author":[{"embeddable":true,"href":"https:\/\/diprod.pe\/web\/wp-json\/wp\/v2\/users\/1"}],"replies":[{"embeddable":true,"href":"https:\/\/diprod.pe\/web\/wp-json\/wp\/v2\/comments?post=333"}],"version-history":[{"count":6,"href":"https:\/\/diprod.pe\/web\/wp-json\/wp\/v2\/pages\/333\/revisions"}],"predecessor-version":[{"id":348,"href":"https:\/\/diprod.pe\/web\/wp-json\/wp\/v2\/pages\/333\/revisions\/348"}],"wp:attachment":[{"href":"https:\/\/diprod.pe\/web\/wp-json\/wp\/v2\/media?parent=333"}],"curies":[{"name":"wp","href":"https:\/\/api.w.org\/{rel}","templated":true}]}}